{"id":144188,"date":"2019-10-09T11:39:52","date_gmt":"2019-10-09T09:39:52","guid":{"rendered":"https:\/\/www.lesfoyersdecharite.com\/?page_id=144188"},"modified":"2025-03-14T12:40:36","modified_gmt":"2025-03-14T11:40:36","slug":"estructura-de-los-foyers-de-charite","status":"publish","type":"page","link":"https:\/\/www.lesfoyersdecharite.com\/es\/los-foyers-de-charite\/estructura-de-los-foyers-de-charite\/","title":{"rendered":"Estructura de los Foyers de Charit\u00e9"},"content":{"rendered":"<p>La organizaci\u00f3n de la Obra se basa en los principios de autonom\u00eda y comuni\u00f3n que hacen de ella una gran familia. Cada Foyer de Charit\u00e9 es a la vez responsable y garante de este esp\u00edritu de familia.<\/p>\n<p>Los Foyers de Charit\u00e9 se rigen habitualmente por la Asamblea General, el Padre Moderador y el Consejo Internacional. La Asamblea General fija la orientaci\u00f3n general de la Asociaci\u00f3n. Elige al Padre Moderador y a los miembros del Consejo Internacional. El Padre Moderador y el Consejo Internacional supervisan la vida y la misi\u00f3n de los Foyers de Charit\u00e9. Garantizan el buen funcionamiento de los Foyers de Charit\u00e9.<\/p>\n<p>En su misi\u00f3n de gobierno, el Padre Moderador y el Consejo Internacional cuentan con el apoyo de una secretar\u00eda general compuesta por un secretario general y jefes de departamento.<\/p>\n<p>Sin embargo, desde el 3 de febrero de 2022, a ra\u00edz de los decretos Prot.N.2022\/6 y Prot.N2022\/195 del Dicasterio para los Laicos, la Familia y la Vida, dicasterio del que dependen los Foyers de Charit\u00e9, el gobierno temporal de los Foyers de Charit\u00e9 ha sido confiado a varios delegados pontificios.<\/p>\n<p>Desde el 14 de febrero de 2024, han sido nombrados dos vicedelegados pontificios:<\/p>\n<ul>\n<li>Sor Christine Foulon, Religiosa de la Asunci\u00f3n<\/li>\n<li>Sr. Laurent Landete, Director del Coll\u00e8ge des Bernardins.<\/li>\n<\/ul>\n<p>Adem\u00e1s, una <a href=\"https:\/\/www.lesfoyersdecharite.com\/es\/fundacion-de-interes-publico\/\">Fundaci\u00f3n reconocida de utilidad p\u00fablica<\/a> aporta su apoyo financiero al desarrollo internacional de los Foyers de Charit\u00e9.<\/p>\n<p>Cada Foyer de Charit\u00e9 se basa a su vez en una estructura jur\u00eddica civil acorde con el pa\u00eds en el que tiene su sede.<\/p>\n","protected":false},"excerpt":{"rendered":"<p>La organizaci\u00f3n de la Obra se basa en los principios de autonom\u00eda y comuni\u00f3n que hacen de ella una gran familia. Cada Foyer de Charit\u00e9 es a la vez responsable y garante de este esp\u00edritu de familia. Los Foyers de Charit\u00e9 se rigen habitualmente por la Asamblea General, el Padre Moderador y el Consejo Internacional. [&hellip;]<\/p>\n","protected":false},"author":1,"featured_media":144184,"parent":41303,"menu_order":0,"comment_status":"closed","ping_status":"closed","template":"","meta":{"_acf_changed":false,"footnotes":""},"class_list":["post-144188","page","type-page","status-publish","has-post-thumbnail","hentry"],"acf":[],"_links":{"self":[{"href":"https:\/\/www.lesfoyersdecharite.com\/es\/wp-json\/wp\/v2\/pages\/144188","targetHints":{"allow":["GET"]}}],"collection":[{"href":"https:\/\/www.lesfoyersdecharite.com\/es\/wp-json\/wp\/v2\/pages"}],"about":[{"href":"https:\/\/www.lesfoyersdecharite.com\/es\/wp-json\/wp\/v2\/types\/page"}],"author":[{"embeddable":true,"href":"https:\/\/www.lesfoyersdecharite.com\/es\/wp-json\/wp\/v2\/users\/1"}],"replies":[{"embeddable":true,"href":"https:\/\/www.lesfoyersdecharite.com\/es\/wp-json\/wp\/v2\/comments?post=144188"}],"version-history":[{"count":3,"href":"https:\/\/www.lesfoyersdecharite.com\/es\/wp-json\/wp\/v2\/pages\/144188\/revisions"}],"predecessor-version":[{"id":261142,"href":"https:\/\/www.lesfoyersdecharite.com\/es\/wp-json\/wp\/v2\/pages\/144188\/revisions\/261142"}],"up":[{"embeddable":true,"href":"https:\/\/www.lesfoyersdecharite.com\/es\/wp-json\/wp\/v2\/pages\/41303"}],"wp:featuredmedia":[{"embeddable":true,"href":"https:\/\/www.lesfoyersdecharite.com\/es\/wp-json\/wp\/v2\/media\/144184"}],"wp:attachment":[{"href":"https:\/\/www.lesfoyersdecharite.com\/es\/wp-json\/wp\/v2\/media?parent=144188"}],"curies":[{"name":"wp","href":"https:\/\/api.w.org\/{rel}","templated":true}]}}

Estructura de los Foyers de Charité

<p>La organización de la Obra se basa en los principios de autonomía y comunión que hacen de ella una gran familia. Cada Foyer de Charité es a la vez responsable y garante de este espíritu de familia.</p>
<p>Los Foyers de Charité se rigen habitualmente por la Asamblea General, el Padre Moderador y el Consejo Internacional. La Asamblea General fija la orientación general de la Asociación. Elige al Padre Moderador y a los miembros del Consejo Internacional. El Padre Moderador y el Consejo Internacional supervisan la vida y la misión de los Foyers de Charité. Garantizan el buen funcionamiento de los Foyers de Charité.</p>
<p>En su misión de gobierno, el Padre Moderador y el Consejo Internacional cuentan con el apoyo de una secretaría general compuesta por un secretario general y jefes de departamento.</p>
<p>Sin embargo, desde el 3 de febrero de 2022, a raíz de los decretos Prot.N.2022/6 y Prot.N2022/195 del Dicasterio para los Laicos, la Familia y la Vida, dicasterio del que dependen los Foyers de Charité, el gobierno temporal de los Foyers de Charité ha sido confiado a varios delegados pontificios.</p>
<p>Desde el 14 de febrero de 2024, han sido nombrados dos vicedelegados pontificios:</p>
<ul>
<li>Sor Christine Foulon, Religiosa de la Asunción</li>
<li>Sr. Laurent Landete, Director del Collège des Bernardins.</li>
</ul>
<p>Además, una <a href="https://www.lesfoyersdecharite.com/es/fundacion-de-interes-publico/">Fundación reconocida de utilidad pública</a> aporta su apoyo financiero al desarrollo internacional de los Foyers de Charité.</p>
<p>Cada Foyer de Charité se basa a su vez en una estructura jurídica civil acorde con el país en el que tiene su sede.</p>

<p>La organización de la Obra se basa en los principios de autonomía y comunión que hacen de ella una gran familia. Cada Foyer de Charité es a la vez responsable y garante de este espíritu de familia. Los Foyers de Charité se rigen habitualmente por la Asamblea General, el Padre Moderador y el Consejo Internacional. [&hellip;]</p>
