{"id":144236,"date":"2019-10-09T12:04:26","date_gmt":"2019-10-09T10:04:26","guid":{"rendered":"https:\/\/www.lesfoyersdecharite.com\/?page_id=144236"},"modified":"2025-03-14T12:58:37","modified_gmt":"2025-03-14T11:58:37","slug":"alianza-amigos-de-los-foyers","status":"publish","type":"page","link":"https:\/\/www.lesfoyersdecharite.com\/es\/los-foyers-de-charite\/alianza-amigos-de-los-foyers\/","title":{"rendered":"Alianza, amigos de los Foyers"},"content":{"rendered":"\r\n<p>La Alianza es una comunidad ampliada que re\u00fane a los\u00a0<strong>miembros<\/strong>\u00a0y a los\u00a0<strong>amigos\u00a0<\/strong>cercanos de un Foyer de Charit\u00e9.<\/p>\r\n\r\n\r\n\r\n<p>All\u00ed donde moran, los miembros de la Alianza viven una\u00a0<strong>comuni\u00f3n de oraci\u00f3n<\/strong>, de\u00a0<strong>amistad<\/strong>\u00a0y de\u00a0<strong>servicio con el Foyer de Charit\u00e9<\/strong>, que reconocen como su lugar privilegiado de recuperaci\u00f3n espiritual.<\/p>\r\n\r\n\r\n\r\n<p>Los miembros y los amigos viven, dentro de la Alianza, un\u00a0<strong>apoyo<\/strong>\u00a0y una\u00a0<strong>evangelizaci\u00f3n\u00a0<\/strong>rec\u00edprocos. Se alientan en su fe gracias a las ense\u00f1anzas, a la formaci\u00f3n y a la ofrenda.<\/p>\r\n\r\n\r\n\r\n<p><strong>Los miembros de la Alianza se comprometen, por un per\u00edodo renovable de un a\u00f1o, a:<\/strong><\/p>\r\n\r\n\r\n\r\n<ul class=\"wp-block-list\">\r\n<li><strong>alimentarse regularmente de la Palabra de Dios<\/strong>\u00a0y vivir una comuni\u00f3n de oraci\u00f3n en consonancia con Marta y el Foyer de Charit\u00e9;<\/li>\r\n<li><strong>practicar los sacramentos<\/strong>\u00a0y servir mejor a la Iglesia all\u00ed donde moran;<\/li>\r\n<li><strong>acoger a la Virgen Mar\u00eda<\/strong>\u00a0en su vida, en particular mediante la\u00a0pri\u00e8re quotidienne de cons\u00e9cration \u00e0 J\u00e9sus par Marie;<\/li>\r\n<li><strong>vivir regularmente un retiro<\/strong>\u00a0en un Foyer de Charit\u00e9;<\/li>\r\n<li><strong>orar cada d\u00eda<\/strong>\u00a0los unos por los otros y unirse a la Eucarist\u00eda entre semana all\u00ed donde se encuentren;<\/li>\r\n<li><strong>ayudarse mutuamente<\/strong>\u00a0en un clima de amistad, por ejemplo durante los tiempos de servicios compartidos con el Foyer, de obras de construcci\u00f3n u otras ayudas puntuales.<\/li>\r\n<\/ul>\r\n\r\n\r\n\r\n<h3 class=\"wp-block-heading\"><strong>\u00bfC\u00f3mo comprometerse como miembro de la Alianza?<\/strong><\/h3>\r\n\r\n\r\n\r\n<p>Usted puede expresarle su deseo de formar parte de la Alianza al padre o a un miembro del Foyer en el cual ha venido a seguir un retiro. El compromiso se adopta por un a\u00f1o, con la aprobaci\u00f3n del Foyer. Los miembros de la Alianza renuevan su compromiso durante un encuentro anual en el Foyer. Se invita a los que no puedan participar a que vengan a compartir algunos d\u00edas con el Foyer cuando puedan, por ejemplo durante un retiro.<\/p>\r\n","protected":false},"excerpt":{"rendered":"<p>La Alianza es una comunidad ampliada que re\u00fane a los\u00a0miembros\u00a0y a los\u00a0amigos\u00a0cercanos de un Foyer de Charit\u00e9. All\u00ed donde moran, los miembros de la Alianza viven una\u00a0comuni\u00f3n de oraci\u00f3n, de\u00a0amistad\u00a0y de\u00a0servicio con el Foyer de Charit\u00e9, que reconocen como su lugar privilegiado de recuperaci\u00f3n espiritual. Los miembros y los amigos viven, dentro de la Alianza, [&hellip;]<\/p>\n","protected":false},"author":1,"featured_media":261151,"parent":41303,"menu_order":0,"comment_status":"closed","ping_status":"closed","template":"","meta":{"_acf_changed":false,"footnotes":""},"class_list":["post-144236","page","type-page","status-publish","has-post-thumbnail","hentry"],"acf":[],"_links":{"self":[{"href":"https:\/\/www.lesfoyersdecharite.com\/es\/wp-json\/wp\/v2\/pages\/144236","targetHints":{"allow":["GET"]}}],"collection":[{"href":"https:\/\/www.lesfoyersdecharite.com\/es\/wp-json\/wp\/v2\/pages"}],"about":[{"href":"https:\/\/www.lesfoyersdecharite.com\/es\/wp-json\/wp\/v2\/types\/page"}],"author":[{"embeddable":true,"href":"https:\/\/www.lesfoyersdecharite.com\/es\/wp-json\/wp\/v2\/users\/1"}],"replies":[{"embeddable":true,"href":"https:\/\/www.lesfoyersdecharite.com\/es\/wp-json\/wp\/v2\/comments?post=144236"}],"version-history":[{"count":2,"href":"https:\/\/www.lesfoyersdecharite.com\/es\/wp-json\/wp\/v2\/pages\/144236\/revisions"}],"predecessor-version":[{"id":261149,"href":"https:\/\/www.lesfoyersdecharite.com\/es\/wp-json\/wp\/v2\/pages\/144236\/revisions\/261149"}],"up":[{"embeddable":true,"href":"https:\/\/www.lesfoyersdecharite.com\/es\/wp-json\/wp\/v2\/pages\/41303"}],"wp:featuredmedia":[{"embeddable":true,"href":"https:\/\/www.lesfoyersdecharite.com\/es\/wp-json\/wp\/v2\/media\/261151"}],"wp:attachment":[{"href":"https:\/\/www.lesfoyersdecharite.com\/es\/wp-json\/wp\/v2\/media?parent=144236"}],"curies":[{"name":"wp","href":"https:\/\/api.w.org\/{rel}","templated":true}]}}

<p>La Alianza es una comunidad ampliada que reúne a los <strong>miembros</strong> y a los <strong>amigos </strong>cercanos de un Foyer de Charité.</p>



<p>Allí donde moran, los miembros de la Alianza viven una <strong>comunión de oración</strong>, de <strong>amistad</strong> y de <strong>servicio con el Foyer de Charité</strong>, que reconocen como su lugar privilegiado de recuperación espiritual.</p>



<p>Los miembros y los amigos viven, dentro de la Alianza, un <strong>apoyo</strong> y una <strong>evangelización </strong>recíprocos. Se alientan en su fe gracias a las enseñanzas, a la formación y a la ofrenda.</p>



<p><strong>Los miembros de la Alianza se comprometen, por un período renovable de un año, a:</strong></p>



<ul class="wp-block-list">
<li><strong>alimentarse regularmente de la Palabra de Dios</strong> y vivir una comunión de oración en consonancia con Marta y el Foyer de Charité;</li>
<li><strong>practicar los sacramentos</strong> y servir mejor a la Iglesia allí donde moran;</li>
<li><strong>acoger a la Virgen María</strong> en su vida, en particular mediante la prière quotidienne de consécration à Jésus par Marie;</li>
<li><strong>vivir regularmente un retiro</strong> en un Foyer de Charité;</li>
<li><strong>orar cada día</strong> los unos por los otros y unirse a la Eucaristía entre semana allí donde se encuentren;</li>
<li><strong>ayudarse mutuamente</strong> en un clima de amistad, por ejemplo durante los tiempos de servicios compartidos con el Foyer, de obras de construcción u otras ayudas puntuales.</li>
</ul>



<h3 class="wp-block-heading"><strong>¿Cómo comprometerse como miembro de la Alianza?</strong></h3>



<p>Usted puede expresarle su deseo de formar parte de la Alianza al padre o a un miembro del Foyer en el cual ha venido a seguir un retiro. El compromiso se adopta por un año, con la aprobación del Foyer. Los miembros de la Alianza renuevan su compromiso durante un encuentro anual en el Foyer. Se invita a los que no puedan participar a que vengan a compartir algunos días con el Foyer cuando puedan, por ejemplo durante un retiro.</p>

<p>La Alianza es una comunidad ampliada que reúne a los miembros y a los amigos cercanos de un Foyer de Charité. Allí donde moran, los miembros de la Alianza viven una comunión de oración, de amistad y de servicio con el Foyer de Charité, que reconocen como su lugar privilegiado de recuperación espiritual. Los miembros y los amigos viven, dentro de la Alianza, [&hellip;]</p>
